{"id":715,"date":"2026-03-12T17:50:06","date_gmt":"2026-03-12T17:50:06","guid":{"rendered":"https:\/\/justtransitioncommission.ie\/?post_type=publication&#038;p=715"},"modified":"2026-03-12T17:55:36","modified_gmt":"2026-03-12T17:55:36","slug":"recommendations-for-the-next-iteration-of-the-national-dialogue-on-climate-action","status":"publish","type":"publication","link":"https:\/\/justtransitioncommission.ie\/ga\/publication\/recommendations-for-the-next-iteration-of-the-national-dialogue-on-climate-action\/","title":{"rendered":"Recommendations for the next iteration of the National Dialogue on Climate Action"},"content":{"rendered":"<p><a href=\"https:\/\/justtransitioncommission.ie\/wp-content\/uploads\/2026\/03\/Strategic-advice-to-the-NDCA.pdf\">Recommendations for the next iteration of the National Dialogue on Climate Action<\/a><\/p>","protected":false},"excerpt":{"rendered":"<p>Recommendations for the next iteration of the National Dialogue on Climate Action<\/p>","protected":false},"featured_media":670,"parent":0,"template":"","meta":{"_acf_changed":false},"publication-year":[37],"class_list":["post-715","publication","type-publication","status-publish","has-post-thumbnail","hentry","publication-year-37"],"acf":[],"yoast_head":"<!-- This site is optimized with the Yoast SEO plugin v26.9 - https:\/\/yoast.com\/product\/yoast-seo-wordpress\/ -->\n<title>Recommendations for the next iteration of the National Dialogue on Climate Action - Just Transition Commission<\/title>\n<meta name=\"robots\" content=\"index, follow, max-snippet:-1, max-image-preview:large, max-video-preview:-1\" \/>\n<link rel=\"canonical\" href=\"https:\/\/justtransitioncommission.ie\/ga\/publication\/recommendations-for-the-next-iteration-of-the-national-dialogue-on-climate-action\/\" \/>\n<meta property=\"og:locale\" content=\"en_US\" \/>\n<meta property=\"og:type\" content=\"article\" \/>\n<meta property=\"og:title\" content=\"Recommendations for the next iteration of the National Dialogue on Climate Action - Just Transition Commission\" \/>\n<meta property=\"og:description\" content=\"Recommendations for the next iteration of the National Dialogue on Climate Action\" \/>\n<meta property=\"og:url\" content=\"https:\/\/justtransitioncommission.ie\/ga\/publication\/recommendations-for-the-next-iteration-of-the-national-dialogue-on-climate-action\/\" \/>\n<meta property=\"og:site_name\" content=\"Just Transition Commission\" \/>\n<meta property=\"article:modified_time\" content=\"2026-03-12T17:55:36+00:00\" \/>\n<meta property=\"og:image\" content=\"https:\/\/justtransitioncommission.ie\/wp-content\/uploads\/2025\/10\/JCT_Icons_Workforce-Analysis_Yellow.png\" \/>\n\t<meta property=\"og:image:width\" content=\"1891\" \/>\n\t<meta property=\"og:image:height\" content=\"1891\" \/>\n\t<meta property=\"og:image:type\" content=\"image\/png\" \/>\n<meta name=\"twitter:card\" content=\"summary_large_image\" \/>\n<meta name=\"twitter:label1\" content=\"Est. reading time\" \/>\n\t<meta name=\"twitter:data1\" content=\"1 minute\" \/>\n<script type=\"application\/ld+json\" class=\"yoast-schema-graph\">{\"@context\":\"https:\/\/schema.org\",\"@graph\":[{\"@type\":\"WebPage\",\"@id\":\"https:\/\/justtransitioncommission.ie\/publication\/recommendations-for-the-next-iteration-of-the-national-dialogue-on-climate-action\/\",\"url\":\"https:\/\/justtransitioncommission.ie\/publication\/recommendations-for-the-next-iteration-of-the-national-dialogue-on-climate-action\/\",\"name\":\"Recommendations for the next iteration of the National Dialogue on Climate Action - Just Transition Commission\",\"isPartOf\":{\"@id\":\"https:\/\/justtransitioncommission.ie\/#website\"},\"primaryImageOfPage\":{\"@id\":\"https:\/\/justtransitioncommission.ie\/publication\/recommendations-for-the-next-iteration-of-the-national-dialogue-on-climate-action\/#primaryimage\"},\"image\":{\"@id\":\"https:\/\/justtransitioncommission.ie\/publication\/recommendations-for-the-next-iteration-of-the-national-dialogue-on-climate-action\/#primaryimage\"},\"thumbnailUrl\":\"https:\/\/justtransitioncommission.ie\/wp-content\/uploads\/2025\/10\/JCT_Icons_Workforce-Analysis_Yellow.png\",\"datePublished\":\"2026-03-12T17:50:06+00:00\",\"dateModified\":\"2026-03-12T17:55:36+00:00\",\"breadcrumb\":{\"@id\":\"https:\/\/justtransitioncommission.ie\/publication\/recommendations-for-the-next-iteration-of-the-national-dialogue-on-climate-action\/#breadcrumb\"},\"inLanguage\":\"ga\",\"potentialAction\":[{\"@type\":\"ReadAction\",\"target\":[\"https:\/\/justtransitioncommission.ie\/publication\/recommendations-for-the-next-iteration-of-the-national-dialogue-on-climate-action\/\"]}]},{\"@type\":\"ImageObject\",\"inLanguage\":\"ga\",\"@id\":\"https:\/\/justtransitioncommission.ie\/publication\/recommendations-for-the-next-iteration-of-the-national-dialogue-on-climate-action\/#primaryimage\",\"url\":\"https:\/\/justtransitioncommission.ie\/wp-content\/uploads\/2025\/10\/JCT_Icons_Workforce-Analysis_Yellow.png\",\"contentUrl\":\"https:\/\/justtransitioncommission.ie\/wp-content\/uploads\/2025\/10\/JCT_Icons_Workforce-Analysis_Yellow.png\",\"width\":1891,\"height\":1891},{\"@type\":\"BreadcrumbList\",\"@id\":\"https:\/\/justtransitioncommission.ie\/publication\/recommendations-for-the-next-iteration-of-the-national-dialogue-on-climate-action\/#breadcrumb\",\"itemListElement\":[{\"@type\":\"ListItem\",\"position\":1,\"name\":\"Home\",\"item\":\"https:\/\/justtransitioncommission.ie\/\"},{\"@type\":\"ListItem\",\"position\":2,\"name\":\"Recommendations for the next iteration of the National Dialogue on Climate Action\"}]},{\"@type\":\"WebSite\",\"@id\":\"https:\/\/justtransitioncommission.ie\/#website\",\"url\":\"https:\/\/justtransitioncommission.ie\/\",\"name\":\"Just Transition Commission\",\"description\":\"Independent body supporting a fair climate transition in Ireland.\",\"publisher\":{\"@id\":\"https:\/\/justtransitioncommission.ie\/#organization\"},\"potentialAction\":[{\"@type\":\"SearchAction\",\"target\":{\"@type\":\"EntryPoint\",\"urlTemplate\":\"https:\/\/justtransitioncommission.ie\/?s={search_term_string}\"},\"query-input\":{\"@type\":\"PropertyValueSpecification\",\"valueRequired\":true,\"valueName\":\"search_term_string\"}}],\"inLanguage\":\"ga\"},{\"@type\":\"Organization\",\"@id\":\"https:\/\/justtransitioncommission.ie\/#organization\",\"name\":\"Just Transition Commission\",\"url\":\"https:\/\/justtransitioncommission.ie\/\",\"logo\":{\"@type\":\"ImageObject\",\"inLanguage\":\"ga\",\"@id\":\"https:\/\/justtransitioncommission.ie\/#\/schema\/logo\/image\/\",\"url\":\"https:\/\/justtransitioncommission.ie\/wp-content\/uploads\/2025\/10\/brand_yellow_white.svg\",\"contentUrl\":\"https:\/\/justtransitioncommission.ie\/wp-content\/uploads\/2025\/10\/brand_yellow_white.svg\",\"width\":393,\"height\":100,\"caption\":\"Just Transition Commission\"},\"image\":{\"@id\":\"https:\/\/justtransitioncommission.ie\/#\/schema\/logo\/image\/\"}}]}<\/script>\n<!-- \/ Yoast SEO plugin. -->","yoast_head_json":{"title":"Recommendations for the next iteration of the National Dialogue on Climate Action - Just Transition Commission","robots":{"index":"index","follow":"follow","max-snippet":"max-snippet:-1","max-image-preview":"max-image-preview:large","max-video-preview":"max-video-preview:-1"},"canonical":"https:\/\/justtransitioncommission.ie\/ga\/publication\/recommendations-for-the-next-iteration-of-the-national-dialogue-on-climate-action\/","og_locale":"en_US","og_type":"article","og_title":"Recommendations for the next iteration of the National Dialogue on Climate Action - Just Transition Commission","og_description":"Recommendations for the next iteration of the National Dialogue on Climate Action","og_url":"https:\/\/justtransitioncommission.ie\/ga\/publication\/recommendations-for-the-next-iteration-of-the-national-dialogue-on-climate-action\/","og_site_name":"Just Transition Commission","article_modified_time":"2026-03-12T17:55:36+00:00","og_image":[{"width":1891,"height":1891,"url":"https:\/\/justtransitioncommission.ie\/wp-content\/uploads\/2025\/10\/JCT_Icons_Workforce-Analysis_Yellow.png","type":"image\/png"}],"twitter_card":"summary_large_image","twitter_misc":{"Est. reading time":"1 minute"},"schema":{"@context":"https:\/\/schema.org","@graph":[{"@type":"WebPage","@id":"https:\/\/justtransitioncommission.ie\/publication\/recommendations-for-the-next-iteration-of-the-national-dialogue-on-climate-action\/","url":"https:\/\/justtransitioncommission.ie\/publication\/recommendations-for-the-next-iteration-of-the-national-dialogue-on-climate-action\/","name":"Recommendations for the next iteration of the National Dialogue on Climate Action - Just Transition Commission","isPartOf":{"@id":"https:\/\/justtransitioncommission.ie\/#website"},"primaryImageOfPage":{"@id":"https:\/\/justtransitioncommission.ie\/publication\/recommendations-for-the-next-iteration-of-the-national-dialogue-on-climate-action\/#primaryimage"},"image":{"@id":"https:\/\/justtransitioncommission.ie\/publication\/recommendations-for-the-next-iteration-of-the-national-dialogue-on-climate-action\/#primaryimage"},"thumbnailUrl":"https:\/\/justtransitioncommission.ie\/wp-content\/uploads\/2025\/10\/JCT_Icons_Workforce-Analysis_Yellow.png","datePublished":"2026-03-12T17:50:06+00:00","dateModified":"2026-03-12T17:55:36+00:00","breadcrumb":{"@id":"https:\/\/justtransitioncommission.ie\/publication\/recommendations-for-the-next-iteration-of-the-national-dialogue-on-climate-action\/#breadcrumb"},"inLanguage":"ga","potentialAction":[{"@type":"ReadAction","target":["https:\/\/justtransitioncommission.ie\/publication\/recommendations-for-the-next-iteration-of-the-national-dialogue-on-climate-action\/"]}]},{"@type":"ImageObject","inLanguage":"ga","@id":"https:\/\/justtransitioncommission.ie\/publication\/recommendations-for-the-next-iteration-of-the-national-dialogue-on-climate-action\/#primaryimage","url":"https:\/\/justtransitioncommission.ie\/wp-content\/uploads\/2025\/10\/JCT_Icons_Workforce-Analysis_Yellow.png","contentUrl":"https:\/\/justtransitioncommission.ie\/wp-content\/uploads\/2025\/10\/JCT_Icons_Workforce-Analysis_Yellow.png","width":1891,"height":1891},{"@type":"BreadcrumbList","@id":"https:\/\/justtransitioncommission.ie\/publication\/recommendations-for-the-next-iteration-of-the-national-dialogue-on-climate-action\/#breadcrumb","itemListElement":[{"@type":"ListItem","position":1,"name":"Home","item":"https:\/\/justtransitioncommission.ie\/"},{"@type":"ListItem","position":2,"name":"Recommendations for the next iteration of the National Dialogue on Climate Action"}]},{"@type":"WebSite","@id":"https:\/\/justtransitioncommission.ie\/#website","url":"https:\/\/justtransitioncommission.ie\/","name":"Just Transition Commission","description":"Comhlacht neamhsple\u00e1ch a thaca\u00edonn le haistri\u00fa cothrom aer\u00e1ide in \u00c9irinn.","publisher":{"@id":"https:\/\/justtransitioncommission.ie\/#organization"},"potentialAction":[{"@type":"SearchAction","target":{"@type":"EntryPoint","urlTemplate":"https:\/\/justtransitioncommission.ie\/?s={search_term_string}"},"query-input":{"@type":"PropertyValueSpecification","valueRequired":true,"valueName":"search_term_string"}}],"inLanguage":"ga"},{"@type":"Organization","@id":"https:\/\/justtransitioncommission.ie\/#organization","name":"Just Transition Commission","url":"https:\/\/justtransitioncommission.ie\/","logo":{"@type":"ImageObject","inLanguage":"ga","@id":"https:\/\/justtransitioncommission.ie\/#\/schema\/logo\/image\/","url":"https:\/\/justtransitioncommission.ie\/wp-content\/uploads\/2025\/10\/brand_yellow_white.svg","contentUrl":"https:\/\/justtransitioncommission.ie\/wp-content\/uploads\/2025\/10\/brand_yellow_white.svg","width":393,"height":100,"caption":"Just Transition Commission"},"image":{"@id":"https:\/\/justtransitioncommission.ie\/#\/schema\/logo\/image\/"}}]}},"_links":{"self":[{"href":"https:\/\/justtransitioncommission.ie\/ga\/wp-json\/wp\/v2\/publication\/715","targetHints":{"allow":["GET"]}}],"collection":[{"href":"https:\/\/justtransitioncommission.ie\/ga\/wp-json\/wp\/v2\/publication"}],"about":[{"href":"https:\/\/justtransitioncommission.ie\/ga\/wp-json\/wp\/v2\/types\/publication"}],"wp:featuredmedia":[{"embeddable":true,"href":"https:\/\/justtransitioncommission.ie\/ga\/wp-json\/wp\/v2\/media\/670"}],"wp:attachment":[{"href":"https:\/\/justtransitioncommission.ie\/ga\/wp-json\/wp\/v2\/media?parent=715"}],"wp:term":[{"taxonomy":"publication-year","embeddable":true,"href":"https:\/\/justtransitioncommission.ie\/ga\/wp-json\/wp\/v2\/publication-year?post=715"}],"curies":[{"name":"wp","href":"https:\/\/api.w.org\/{rel}","templated":true}]}}

Comhlacht neamhspleách a thacaíonn le haistriú cothrom aeráide in Éirinn.
